{"id":149,"date":"2024-03-26T08:32:16","date_gmt":"2024-03-26T07:32:16","guid":{"rendered":"\/wordpress\/?page_id=149"},"modified":"2024-03-27T10:22:16","modified_gmt":"2024-03-27T09:22:16","slug":"was-ist-ergotherapie","status":"publish","type":"page","link":"https:\/\/www.ergotherapie-straten.de\/wordpress\/was-ist-ergotherapie\/","title":{"rendered":"Was ist Ergotherapie?"},"content":{"rendered":"\n<p>Ergotherapie&nbsp;ist ein medizinisches Heilmittel, das vom Arzt verordnet wird. Die Leistungen der Ergotherapie sind im Heilmittelkatalog der gesetzlichen Krankenkassen festgeschrieben.<\/p>\n\n\n\n<p>&#8222;<strong>ERGO<\/strong>&#8222;, von dem griechischen &#8222;to ergon&#8220; abgeleitet, bedeutet so viel wie: Zurechtkommen im Alltag, Handeln, sich bet\u00e4tigen; sich anregen lassen, kreativ und sch\u00f6pferisch t\u00e4tig sein.<\/p>\n\n\n\n<p>&#8222;<strong>Evidenzbasierte Ergotherapie&#8220;<\/strong>&nbsp;ist die klientenzentrierte Erm\u00f6glichung von Bet\u00e4tigung. Sie ber\u00fccksichtigt die individuellen Bed\u00fcrfnisse des Klienten, Studienergebnisse der systematischen Forschung sowie die klinischen Erfahrungen des Therapeuten.&#8220;(CAOT, 1999)<\/p>\n\n\n\n<figure data-wp-context=\"{&quot;imageId&quot;:&quot;6a08831979cdf&quot;}\" data-wp-interactive=\"core\/image\" data-wp-key=\"6a08831979cdf\" class=\"wp-block-image size-full wp-lightbox-container\"><img loading=\"lazy\" decoding=\"async\" width=\"854\" height=\"683\" data-wp-class--hide=\"state.isContentHidden\" data-wp-class--show=\"state.isContentVisible\" data-wp-init=\"callbacks.setButtonStyles\" data-wp-on--click=\"actions.showLightbox\" data-wp-on--load=\"callbacks.setButtonStyles\" data-wp-on-window--resize=\"callbacks.setButtonStyles\" src=\"\/wordpress\/wp-content\/uploads\/2024\/03\/5c0cfcb1c85d4b47b363ec0a2c3344eb.jpg\" alt=\"\" class=\"wp-image-96\" srcset=\"https:\/\/www.ergotherapie-straten.de\/wordpress\/wp-content\/uploads\/2024\/03\/5c0cfcb1c85d4b47b363ec0a2c3344eb.jpg 854w, https:\/\/www.ergotherapie-straten.de\/wordpress\/wp-content\/uploads\/2024\/03\/5c0cfcb1c85d4b47b363ec0a2c3344eb-300x240.jpg 300w, https:\/\/www.ergotherapie-straten.de\/wordpress\/wp-content\/uploads\/2024\/03\/5c0cfcb1c85d4b47b363ec0a2c3344eb-768x614.jpg 768w, https:\/\/www.ergotherapie-straten.de\/wordpress\/wp-content\/uploads\/2024\/03\/5c0cfcb1c85d4b47b363ec0a2c3344eb-230x184.jpg 230w, https:\/\/www.ergotherapie-straten.de\/wordpress\/wp-content\/uploads\/2024\/03\/5c0cfcb1c85d4b47b363ec0a2c3344eb-350x280.jpg 350w, https:\/\/www.ergotherapie-straten.de\/wordpress\/wp-content\/uploads\/2024\/03\/5c0cfcb1c85d4b47b363ec0a2c3344eb-480x384.jpg 480w\" sizes=\"auto, (max-width: 854px) 100vw, 854px\" \/><button\n\t\t\tclass=\"lightbox-trigger\"\n\t\t\ttype=\"button\"\n\t\t\taria-haspopup=\"dialog\"\n\t\t\taria-label=\"Vergr\u00f6\u00dfern\"\n\t\t\tdata-wp-init=\"callbacks.initTriggerButton\"\n\t\t\tdata-wp-on--click=\"actions.showLightbox\"\n\t\t\tdata-wp-style--right=\"state.imageButtonRight\"\n\t\t\tdata-wp-style--top=\"state.imageButtonTop\"\n\t\t>\n\t\t\t<svg xmlns=\"http:\/\/www.w3.org\/2000\/svg\" width=\"12\" height=\"12\" fill=\"none\" viewBox=\"0 0 12 12\">\n\t\t\t\t<path fill=\"#fff\" d=\"M2 0a2 2 0 0 0-2 2v2h1.5V2a.5.5 0 0 1 .5-.5h2V0H2Zm2 10.5H2a.5.5 0 0 1-.5-.5V8H0v2a2 2 0 0 0 2 2h2v-1.5ZM8 12v-1.5h2a.5.5 0 0 0 .5-.5V8H12v2a2 2 0 0 1-2 2H8Zm2-12a2 2 0 0 1 2 2v2h-1.5V2a.5.5 0 0 0-.5-.5H8V0h2Z\" \/>\n\t\t\t<\/svg>\n\t\t<\/button><\/figure>\n\n\n\n<p>Die zunehmende Akademisierung des Berufes f\u00fchrt dazu, dass die Wirksamkeit verschiedener Therapiemethoden immer besser nachgewiesen wird.<\/p>\n\n\n\n<h5 class=\"wp-block-heading\">Wie bekomme ich Ergotherapie?<\/h5>\n\n\n\n<p>Ergotherapie wird in der Regel von Ihrem Arzt\/Ihrer \u00c4rztin (Hausarzt\/-\u00e4rztin oder Facharzt\/-\u00e4rztin) oder auch Ihrem Psychologen \/ Ihrer Psychologin auf einem Ergotherapierezept verordnet. Er \/ Sie kann dabei &#8211; je nach Krankheitsbild und Ziel &#8211; zwischen folgenden ergotherapeutischen Ma\u00dfnahmen<\/p>\n\n\n\n<ul class=\"wp-block-list\">\n<li><strong>Sensomotorisch-perzeptive Behandlung<\/strong><\/li>\n\n\n\n<li><strong>Motorisch-funktionelle Behandlung<\/strong><\/li>\n\n\n\n<li><strong>Hirnleistungstraining<\/strong><\/li>\n\n\n\n<li><strong>Psychisch-funktionelle Behandlung<\/strong><\/li>\n<\/ul>\n\n\n\n<h5 class=\"wp-block-heading\">Wie l\u00e4uft eine typische Bahandlung ab?<\/h5>\n\n\n\n<p>In der ersten Therapieeinheit wird das Anamnesegespr\u00e4ch durchgef\u00fchrt. Das hei\u00dft, es wird \u00fcber Vorgeschichte des Patienten, derzeitige Situation, Begleiterkrankungen und \u00c4hnliches gesprochen, um sich ein m\u00f6glichst umfassendes Bild von Ihnen oder Ihrem Kind zu machen.<\/p>\n\n\n\n<p>Nach einer differenzierten ergotherapeutischen Befunderhebung werden gemeinsam mit Ihnen und auf Wunsch Ihren Angeh\u00f6rigen individuelle Ziele erarbeitet, Behandlungspl\u00e4ne erstellt und die entsprechenden Behandlungsmethoden und Medien ausgew\u00e4hlt.<\/p>\n","protected":false},"excerpt":{"rendered":"<p>Ergotherapie&nbsp;ist ein medizinisches Heilmittel, das vom Arzt verordnet wird. Die Leistungen der Ergotherapie sind im Heilmittelkatalog der gesetzlichen Krankenkassen festgeschrieben. &#8222;ERGO&#8222;, von [&hellip;]<\/p>\n","protected":false},"author":1,"featured_media":0,"parent":0,"menu_order":0,"comment_status":"closed","ping_status":"closed","template":"","meta":{"footnotes":""},"class_list":["post-149","page","type-page","status-publish","hentry"],"_links":{"self":[{"href":"https:\/\/www.ergotherapie-straten.de\/wordpress\/wp-json\/wp\/v2\/pages\/149","targetHints":{"allow":["GET"]}}],"collection":[{"href":"https:\/\/www.ergotherapie-straten.de\/wordpress\/wp-json\/wp\/v2\/pages"}],"about":[{"href":"https:\/\/www.ergotherapie-straten.de\/wordpress\/wp-json\/wp\/v2\/types\/page"}],"author":[{"embeddable":true,"href":"https:\/\/www.ergotherapie-straten.de\/wordpress\/wp-json\/wp\/v2\/users\/1"}],"replies":[{"embeddable":true,"href":"https:\/\/www.ergotherapie-straten.de\/wordpress\/wp-json\/wp\/v2\/comments?post=149"}],"version-history":[{"count":1,"href":"https:\/\/www.ergotherapie-straten.de\/wordpress\/wp-json\/wp\/v2\/pages\/149\/revisions"}],"predecessor-version":[{"id":150,"href":"https:\/\/www.ergotherapie-straten.de\/wordpress\/wp-json\/wp\/v2\/pages\/149\/revisions\/150"}],"wp:attachment":[{"href":"https:\/\/www.ergotherapie-straten.de\/wordpress\/wp-json\/wp\/v2\/media?parent=149"}],"curies":[{"name":"wp","href":"https:\/\/api.w.org\/{rel}","templated":true}]}}