{"id":153,"date":"2024-03-26T08:36:22","date_gmt":"2024-03-26T07:36:22","guid":{"rendered":"\/wordpress\/?page_id=153"},"modified":"2024-03-27T10:00:30","modified_gmt":"2024-03-27T09:00:30","slug":"ergotherapie-fuer-erwachsene","status":"publish","type":"page","link":"https:\/\/www.ergotherapie-straten.de\/wordpress\/ergotherapie-fuer-erwachsene\/","title":{"rendered":"Ergotherapie f\u00fcr Erwachsene"},"content":{"rendered":"\n<h5 class=\"wp-block-heading\" id=\"isPasted\"><strong>Neurologie<\/strong><\/h5>\n\n\n\n<p>Ein Schicksalsschlag hat Sie, oder eines Ihrer Familienmitglieder getroffen. Nichts ist mehr so wie gestern. Pl\u00f6tzlich k\u00f6nnen Sie sich nichts mehr merken, Ihre Leistungsf\u00e4higkeit und Konzentration ist deutlich eingeschr\u00e4nkt, Sie k\u00f6nnen nicht mehr schreiben und lesen, Handlungsabl\u00e4ufe zu strukturieren f\u00e4llt Ihnen schwer. Sie haben gro\u00dfe Probleme bei der Bew\u00e4ltigung des t\u00e4glichen Lebens. Sie sind auf Hilfsmittel angewiesen? Sie brauchen st\u00e4ndig Hilfe und dabei konnten Sie doch alles. Sie schlagen sich mit negativen Gedanken herum und finden wenig Freude an den Dingen die Sie tun, oder verzweifeln, weil Sie diese nicht hinbekommen?<\/p>\n\n\n\n<p><em><a href=\"https:\/\/www.ergotherapie-straten.de\/wordpress\/neurologie\/\" data-type=\"page\" data-id=\"161\">Weiterlesen: Neurologie<\/a><\/em><\/p>\n\n\n\n<hr class=\"wp-block-separator has-alpha-channel-opacity\"\/>\n\n\n\n<h5 class=\"wp-block-heading\"><strong>Geriatrie<\/strong><\/h5>\n\n\n\n<p><strong>Ver\u00e4nderungsprozesse die das Alter bedingt<\/strong><\/p>\n\n\n<div id=\"metaslider-id-125\" style=\"width: 100%; margin: 0 auto;\" class=\"ml-slider-3-62-0 metaslider metaslider-flex metaslider-125 ml-slider ms-theme-default\" role=\"region\" aria-roledescription=\"Slideshow\" aria-label=\"Geriatrie\">\n    <div id=\"metaslider_container_125\">\n        <div id=\"metaslider_125\">\n            <ul aria-live=\"polite\" class=\"slides\">\n                <li style=\"display: none; width: 100%;\" class=\"slide-155 ms-image \" aria-roledescription=\"slide\" aria-label=\"slide-155\"><img loading=\"lazy\" decoding=\"async\" width=\"300\" height=\"200\" src=\"https:\/\/www.ergotherapie-straten.de\/wordpress\/wp-content\/uploads\/2024\/03\/g_8944.jpg\" class=\"slider-125 slide-155\" alt=\"\" rel=\"\" title=\"g_8944\" srcset=\"https:\/\/www.ergotherapie-straten.de\/wordpress\/wp-content\/uploads\/2024\/03\/g_8944.jpg 300w, https:\/\/www.ergotherapie-straten.de\/wordpress\/wp-content\/uploads\/2024\/03\/g_8944-230x153.jpg 230w\" sizes=\"auto, (max-width: 300px) 100vw, 300px\" \/><\/li>\n                <li style=\"display: none; width: 100%;\" class=\"slide-156 ms-image \" aria-roledescription=\"slide\" aria-label=\"slide-156\"><img loading=\"lazy\" decoding=\"async\" width=\"300\" height=\"200\" src=\"https:\/\/www.ergotherapie-straten.de\/wordpress\/wp-content\/uploads\/2024\/03\/ps_8984.jpg\" class=\"slider-125 slide-156\" alt=\"\" rel=\"\" title=\"ps_8984\" srcset=\"https:\/\/www.ergotherapie-straten.de\/wordpress\/wp-content\/uploads\/2024\/03\/ps_8984.jpg 300w, https:\/\/www.ergotherapie-straten.de\/wordpress\/wp-content\/uploads\/2024\/03\/ps_8984-230x153.jpg 230w\" sizes=\"auto, (max-width: 300px) 100vw, 300px\" \/><\/li>\n                <li style=\"display: none; width: 100%;\" class=\"slide-157 ms-image \" aria-roledescription=\"slide\" aria-label=\"slide-157\"><img loading=\"lazy\" decoding=\"async\" width=\"940\" height=\"627\" src=\"https:\/\/www.ergotherapie-straten.de\/wordpress\/wp-content\/uploads\/2024\/03\/dsc_8979.jpg\" class=\"slider-125 slide-157\" alt=\"\" rel=\"\" title=\"dsc_8979\" srcset=\"https:\/\/www.ergotherapie-straten.de\/wordpress\/wp-content\/uploads\/2024\/03\/dsc_8979.jpg 940w, https:\/\/www.ergotherapie-straten.de\/wordpress\/wp-content\/uploads\/2024\/03\/dsc_8979-300x200.jpg 300w, https:\/\/www.ergotherapie-straten.de\/wordpress\/wp-content\/uploads\/2024\/03\/dsc_8979-768x512.jpg 768w, https:\/\/www.ergotherapie-straten.de\/wordpress\/wp-content\/uploads\/2024\/03\/dsc_8979-230x153.jpg 230w, https:\/\/www.ergotherapie-straten.de\/wordpress\/wp-content\/uploads\/2024\/03\/dsc_8979-350x233.jpg 350w, https:\/\/www.ergotherapie-straten.de\/wordpress\/wp-content\/uploads\/2024\/03\/dsc_8979-480x320.jpg 480w\" sizes=\"auto, (max-width: 940px) 100vw, 940px\" \/><\/li>\n                <li style=\"display: none; width: 100%;\" class=\"slide-158 ms-image \" aria-roledescription=\"slide\" aria-label=\"slide-158\"><img loading=\"lazy\" decoding=\"async\" width=\"940\" height=\"627\" src=\"https:\/\/www.ergotherapie-straten.de\/wordpress\/wp-content\/uploads\/2024\/03\/dsc_9018.jpg\" class=\"slider-125 slide-158\" alt=\"\" rel=\"\" title=\"dsc_9018\" srcset=\"https:\/\/www.ergotherapie-straten.de\/wordpress\/wp-content\/uploads\/2024\/03\/dsc_9018.jpg 940w, https:\/\/www.ergotherapie-straten.de\/wordpress\/wp-content\/uploads\/2024\/03\/dsc_9018-300x200.jpg 300w, https:\/\/www.ergotherapie-straten.de\/wordpress\/wp-content\/uploads\/2024\/03\/dsc_9018-768x512.jpg 768w, https:\/\/www.ergotherapie-straten.de\/wordpress\/wp-content\/uploads\/2024\/03\/dsc_9018-230x153.jpg 230w, https:\/\/www.ergotherapie-straten.de\/wordpress\/wp-content\/uploads\/2024\/03\/dsc_9018-350x233.jpg 350w, https:\/\/www.ergotherapie-straten.de\/wordpress\/wp-content\/uploads\/2024\/03\/dsc_9018-480x320.jpg 480w\" sizes=\"auto, (max-width: 940px) 100vw, 940px\" \/><\/li>\n            <\/ul>\n        <\/div>\n        \n    <\/div>\n<\/div>\n\n\n\n<p id=\"isPasted\">Nichts ist mehr so wie es mal war? Ein Schicksalsschlag hat Sie aus der Bahn geworfen? Oder Sie erleben aktuell einfach einen Umbruch in Ihrer Lebensphase, weil Sie durch Ihr Alter bedingt viele Dinge des t\u00e4glichen Lebens nur noch schwer, gar nicht mehr oder nicht mehr alleine bew\u00e4ltigt bekommen?<\/p>\n\n\n\n<p><em><a href=\"https:\/\/www.ergotherapie-straten.de\/wordpress\/geriatrie\/\" data-type=\"page\" data-id=\"165\">Weiterlesen: Geriatrie<\/a><\/em><\/p>\n","protected":false},"excerpt":{"rendered":"<p>Neurologie Ein Schicksalsschlag hat Sie, oder eines Ihrer Familienmitglieder getroffen. Nichts ist mehr so wie gestern. Pl\u00f6tzlich k\u00f6nnen Sie sich nichts mehr [&hellip;]<\/p>\n","protected":false},"author":1,"featured_media":0,"parent":0,"menu_order":0,"comment_status":"closed","ping_status":"closed","template":"","meta":{"footnotes":""},"class_list":["post-153","page","type-page","status-publish","hentry"],"_links":{"self":[{"href":"https:\/\/www.ergotherapie-straten.de\/wordpress\/wp-json\/wp\/v2\/pages\/153","targetHints":{"allow":["GET"]}}],"collection":[{"href":"https:\/\/www.ergotherapie-straten.de\/wordpress\/wp-json\/wp\/v2\/pages"}],"about":[{"href":"https:\/\/www.ergotherapie-straten.de\/wordpress\/wp-json\/wp\/v2\/types\/page"}],"author":[{"embeddable":true,"href":"https:\/\/www.ergotherapie-straten.de\/wordpress\/wp-json\/wp\/v2\/users\/1"}],"replies":[{"embeddable":true,"href":"https:\/\/www.ergotherapie-straten.de\/wordpress\/wp-json\/wp\/v2\/comments?post=153"}],"version-history":[{"count":5,"href":"https:\/\/www.ergotherapie-straten.de\/wordpress\/wp-json\/wp\/v2\/pages\/153\/revisions"}],"predecessor-version":[{"id":262,"href":"https:\/\/www.ergotherapie-straten.de\/wordpress\/wp-json\/wp\/v2\/pages\/153\/revisions\/262"}],"wp:attachment":[{"href":"https:\/\/www.ergotherapie-straten.de\/wordpress\/wp-json\/wp\/v2\/media?parent=153"}],"curies":[{"name":"wp","href":"https:\/\/api.w.org\/{rel}","templated":true}]}}