{"id":174,"date":"2024-03-26T08:46:00","date_gmt":"2024-03-26T07:46:00","guid":{"rendered":"\/wordpress\/?page_id=174"},"modified":"2024-03-27T10:03:21","modified_gmt":"2024-03-27T09:03:21","slug":"ergotherapie-fuer-kinder","status":"publish","type":"page","link":"https:\/\/www.ergotherapie-straten.de\/wordpress\/ergotherapie-fuer-kinder\/","title":{"rendered":"Ergotherapie f\u00fcr Kinder"},"content":{"rendered":"\n<h5 class=\"wp-block-heading\" id=\"isPasted\"><strong>Schwerpunkt P\u00e4diatrie<\/strong><\/h5>\n\n\n\n<p><strong>Entwicklungsbegleitung f\u00fcr Eltern<\/strong><\/p>\n\n\n\n<p>Ihr Alltag ist nur noch Anstrengend? Es geht morgens schon los. Ihr Kind h\u00f6rt auch nach mehrmaligen Rufen zum Fr\u00fchst\u00fcck nicht. Es tr\u00f6delt. Alles m\u00fcssen Sie st\u00e4ndig dreimal sagen bis es morgens schon eskaliert und zu einem Streit kommt. Mittags geht es weiter und dann auch noch die Hausaufgaben. Nichts l\u00e4uft so wie sie sich das vorgestellt haben? Dabei haben sie sich das Leben mit Kind so sch\u00f6n vorgestellt. Und nun ist alles nur noch erm\u00fcdend. Sie f\u00fchlen sich ersch\u00f6pft und haben keine L\u00f6sungsidee? Es gibt viel Streit und ihre Beziehung zu ihrem Kind leidet darunter?<\/p>\n\n\n<div id=\"metaslider-id-168\" style=\"width: 100%; margin: 0 auto;\" class=\"ml-slider-3-62-0 metaslider metaslider-flex metaslider-168 ml-slider ms-theme-default\" role=\"region\" aria-roledescription=\"Slideshow\" aria-label=\"Kinder\">\n    <div id=\"metaslider_container_168\">\n        <div id=\"metaslider_168\">\n            <ul aria-live=\"polite\" class=\"slides\">\n                <li style=\"display: none; width: 100%;\" class=\"slide-169 ms-image \" aria-roledescription=\"slide\" aria-label=\"slide-169\"><img loading=\"lazy\" decoding=\"async\" width=\"940\" height=\"627\" src=\"https:\/\/www.ergotherapie-straten.de\/wordpress\/wp-content\/uploads\/2024\/03\/dsc_8856.jpg\" class=\"slider-168 slide-169\" alt=\"\" rel=\"\" title=\"dsc_8856\" srcset=\"https:\/\/www.ergotherapie-straten.de\/wordpress\/wp-content\/uploads\/2024\/03\/dsc_8856.jpg 940w, https:\/\/www.ergotherapie-straten.de\/wordpress\/wp-content\/uploads\/2024\/03\/dsc_8856-300x200.jpg 300w, https:\/\/www.ergotherapie-straten.de\/wordpress\/wp-content\/uploads\/2024\/03\/dsc_8856-768x512.jpg 768w, https:\/\/www.ergotherapie-straten.de\/wordpress\/wp-content\/uploads\/2024\/03\/dsc_8856-230x153.jpg 230w, https:\/\/www.ergotherapie-straten.de\/wordpress\/wp-content\/uploads\/2024\/03\/dsc_8856-350x233.jpg 350w, https:\/\/www.ergotherapie-straten.de\/wordpress\/wp-content\/uploads\/2024\/03\/dsc_8856-480x320.jpg 480w\" sizes=\"auto, (max-width: 940px) 100vw, 940px\" \/><\/li>\n                <li style=\"display: none; width: 100%;\" class=\"slide-170 ms-image \" aria-roledescription=\"slide\" aria-label=\"slide-170\"><img loading=\"lazy\" decoding=\"async\" width=\"940\" height=\"627\" src=\"https:\/\/www.ergotherapie-straten.de\/wordpress\/wp-content\/uploads\/2024\/03\/dsc_8870.jpg\" class=\"slider-168 slide-170\" alt=\"\" rel=\"\" title=\"dsc_8870\" srcset=\"https:\/\/www.ergotherapie-straten.de\/wordpress\/wp-content\/uploads\/2024\/03\/dsc_8870.jpg 940w, https:\/\/www.ergotherapie-straten.de\/wordpress\/wp-content\/uploads\/2024\/03\/dsc_8870-300x200.jpg 300w, https:\/\/www.ergotherapie-straten.de\/wordpress\/wp-content\/uploads\/2024\/03\/dsc_8870-768x512.jpg 768w, https:\/\/www.ergotherapie-straten.de\/wordpress\/wp-content\/uploads\/2024\/03\/dsc_8870-230x153.jpg 230w, https:\/\/www.ergotherapie-straten.de\/wordpress\/wp-content\/uploads\/2024\/03\/dsc_8870-350x233.jpg 350w, https:\/\/www.ergotherapie-straten.de\/wordpress\/wp-content\/uploads\/2024\/03\/dsc_8870-480x320.jpg 480w\" sizes=\"auto, (max-width: 940px) 100vw, 940px\" \/><\/li>\n                <li style=\"display: none; width: 100%;\" class=\"slide-171 ms-image \" aria-roledescription=\"slide\" aria-label=\"slide-171\"><img loading=\"lazy\" decoding=\"async\" width=\"940\" height=\"627\" src=\"https:\/\/www.ergotherapie-straten.de\/wordpress\/wp-content\/uploads\/2024\/03\/dsc_8809.jpg\" class=\"slider-168 slide-171\" alt=\"\" rel=\"\" title=\"dsc_8809\" srcset=\"https:\/\/www.ergotherapie-straten.de\/wordpress\/wp-content\/uploads\/2024\/03\/dsc_8809.jpg 940w, https:\/\/www.ergotherapie-straten.de\/wordpress\/wp-content\/uploads\/2024\/03\/dsc_8809-300x200.jpg 300w, https:\/\/www.ergotherapie-straten.de\/wordpress\/wp-content\/uploads\/2024\/03\/dsc_8809-768x512.jpg 768w, https:\/\/www.ergotherapie-straten.de\/wordpress\/wp-content\/uploads\/2024\/03\/dsc_8809-230x153.jpg 230w, https:\/\/www.ergotherapie-straten.de\/wordpress\/wp-content\/uploads\/2024\/03\/dsc_8809-350x233.jpg 350w, https:\/\/www.ergotherapie-straten.de\/wordpress\/wp-content\/uploads\/2024\/03\/dsc_8809-480x320.jpg 480w\" sizes=\"auto, (max-width: 940px) 100vw, 940px\" \/><\/li>\n                <li style=\"display: none; width: 100%;\" class=\"slide-172 ms-image \" aria-roledescription=\"slide\" aria-label=\"slide-172\"><img loading=\"lazy\" decoding=\"async\" width=\"940\" height=\"627\" src=\"https:\/\/www.ergotherapie-straten.de\/wordpress\/wp-content\/uploads\/2024\/03\/dsc_8789.jpg\" class=\"slider-168 slide-172\" alt=\"\" rel=\"\" title=\"dsc_8789\" srcset=\"https:\/\/www.ergotherapie-straten.de\/wordpress\/wp-content\/uploads\/2024\/03\/dsc_8789.jpg 940w, https:\/\/www.ergotherapie-straten.de\/wordpress\/wp-content\/uploads\/2024\/03\/dsc_8789-300x200.jpg 300w, https:\/\/www.ergotherapie-straten.de\/wordpress\/wp-content\/uploads\/2024\/03\/dsc_8789-768x512.jpg 768w, https:\/\/www.ergotherapie-straten.de\/wordpress\/wp-content\/uploads\/2024\/03\/dsc_8789-230x153.jpg 230w, https:\/\/www.ergotherapie-straten.de\/wordpress\/wp-content\/uploads\/2024\/03\/dsc_8789-350x233.jpg 350w, https:\/\/www.ergotherapie-straten.de\/wordpress\/wp-content\/uploads\/2024\/03\/dsc_8789-480x320.jpg 480w\" sizes=\"auto, (max-width: 940px) 100vw, 940px\" \/><\/li>\n                <li style=\"display: none; width: 100%;\" class=\"slide-173 ms-image \" aria-roledescription=\"slide\" aria-label=\"slide-173\"><img loading=\"lazy\" decoding=\"async\" width=\"940\" height=\"627\" src=\"https:\/\/www.ergotherapie-straten.de\/wordpress\/wp-content\/uploads\/2024\/03\/dsc_8881.jpg\" class=\"slider-168 slide-173\" alt=\"\" rel=\"\" title=\"dsc_8881\" srcset=\"https:\/\/www.ergotherapie-straten.de\/wordpress\/wp-content\/uploads\/2024\/03\/dsc_8881.jpg 940w, https:\/\/www.ergotherapie-straten.de\/wordpress\/wp-content\/uploads\/2024\/03\/dsc_8881-300x200.jpg 300w, https:\/\/www.ergotherapie-straten.de\/wordpress\/wp-content\/uploads\/2024\/03\/dsc_8881-768x512.jpg 768w, https:\/\/www.ergotherapie-straten.de\/wordpress\/wp-content\/uploads\/2024\/03\/dsc_8881-230x153.jpg 230w, https:\/\/www.ergotherapie-straten.de\/wordpress\/wp-content\/uploads\/2024\/03\/dsc_8881-350x233.jpg 350w, https:\/\/www.ergotherapie-straten.de\/wordpress\/wp-content\/uploads\/2024\/03\/dsc_8881-480x320.jpg 480w\" sizes=\"auto, (max-width: 940px) 100vw, 940px\" \/><\/li>\n            <\/ul>\n        <\/div>\n        \n    <\/div>\n<\/div>\n\n\n\n<h5 class=\"wp-block-heading\"><strong>Was k\u00f6nnen wir tun?<\/strong><\/h5>\n\n\n\n<p>Wir f\u00fchren ein ausf\u00fchrliches Anamnesegespr\u00e4ch mit dem COPM (Canadian Occupational Performance Measure) durch.<\/p>\n\n\n\n<p>Dieses Gespr\u00e4ch findet mit Ihnen alleine statt, so das Sie uns Ihre ganzen Sorgen und \u00c4ngste ausf\u00fchrlich erz\u00e4hlen k\u00f6nnen. Hierf\u00fcr nehmen wir uns gerne Zeit.<\/p>\n\n\n\n<p>Sind Sie dann das erste mal mit Ihrem Kind bei uns, so stellen wir erst einmal eine gute Beziehung zu Ihrem Kind her, damit die Therapie langfristig zum Erfolg f\u00fchrt. Gemeinsam planen wir unsere Ziele.<\/p>\n\n\n\n<p>Wir machen eine ausf\u00fchrliche Befundung und besprechen stets mit Ihnen unsere Vorgehenesweise.<\/p>\n\n\n\n<p>Wir bieten Ihnen eine individuelle Beratung und F\u00f6rderung bei der Entwicklung ihres Kindes im Kindergarten, in der Schule, zu Hause und in Ihrem sozialen Umfeld.<\/p>\n\n\n\n<p>Wir erarbeiten mit Ihnen und Ihrem Kind L\u00f6sungswege und Strategien f\u00fcr einen stressfreien und entspannten Alltag<\/p>\n\n\n\n<p>Sie sind w\u00e4hrend der Therapie dabei&nbsp;<strong>!<\/strong><\/p>\n\n\n\n<p>Sie lernen am Modell und bekommen auch Hausaufgaben.<\/p>\n\n\n\n<h5 class=\"wp-block-heading\"><strong>Wobei k\u00f6nnen wir helfen?<\/strong><\/h5>\n\n\n\n<ul class=\"wp-block-list\">\n<li>Ihr Kind malt noch nicht so gut wie die Gleichaltrigen und entwickelt Vermeidungsverhalten, weil es sich mit diesen vergleicht. Alles zureden hilft nicht?<\/li>\n\n\n\n<li>Ihr Kind h\u00e4lt den Stift v\u00f6llig verkrampft?<\/li>\n\n\n\n<li>Ihr Kind kann noch nicht Fahrrad fahren und meidet auch andere Aktivit\u00e4ten, die ein stabiles Gleichgewicht brauchen, es traut sich deutlich weniger zu als seine Freunde?<\/li>\n\n\n\n<li>Ihr Kind kommt in der Schule nicht mit, es hat st\u00e4ndig Konflikte, st\u00f6rt den Unterricht, kann dem Lernstoff nur unzureichend folgen. Es kann den Aufforderungen des Lehrers kaum Folge leisten, keine Ordnung halten, st\u00f6rt andere Kinder und es besteht Versetzungsgefahr obgleich ihr Kind eine normale bis sogar sehr gute Intelligenz besitzt?<\/li>\n\n\n\n<li>Oder es tr\u00e4umt sich raus, wirkt abwesend und schafft die Anforderungen nicht in angemessener Zeit?<\/li>\n\n\n\n<li>Ihr Kind ist auffallend unruhig und zappelig, f\u00e4llt vom Stuhl, bleibt nicht sitzen und es passieren ihm st\u00e4ndig Missgeschicke<\/li>\n\n\n\n<li>Ihr Kind findet nur schwer Freunde, f\u00fchlt sich in Gruppen unwohl, traut sich nicht laut zu sprechen und ist sozial isoliert.<\/li>\n\n\n\n<li>Ihr Familienfrieden ist belastet, weil es st\u00e4ndig Streit und Diskussionen bei den Hausaufgaben gibt?<\/li>\n\n\n\n<li>Schon morgens h\u00e4ngt der Haussegen schief, weil ihr Kind tr\u00f6delt, nicht zuh\u00f6rt, sie st\u00e4ndig dreimal rufen bevor es zum Fr\u00fchst\u00fcck kommt?<\/li>\n\n\n\n<li>Abends gibt es Diskussionen weil es nicht ins Bett will, oder es will nicht alleine einschlafen?<\/li>\n\n\n\n<li>Ihr Kind verwechselt Buchstaben, kann noch nicht so gut lesen und die Schrift kann man kaum bis gar nicht entziffern?<\/li>\n<\/ul>\n\n\n\n<h5 class=\"wp-block-heading\"><strong>Krankheitsbilder oder Verordnungsgr\u00fcnde um Ergotherapie in Anspruch zu nehmen, k\u00f6nnen sein:<\/strong><\/h5>\n\n\n\n<ul class=\"wp-block-list\">\n<li>Entwicklungsst\u00f6rungen und \u2013verz\u00f6gerungen<\/li>\n\n\n\n<li>UEMF (umschriebene &nbsp;Entwicklungsst\u00f6rung motorischer Funktionen)<\/li>\n\n\n\n<li>Dyspraxie<\/li>\n\n\n\n<li>sensorischer Integrationsst\u00f6rung<\/li>\n\n\n\n<li>Wahrnehmungsst\u00f6rung<\/li>\n\n\n\n<li>AD(H)S-Aufmerksamkeits-Defizit-Syndrom \/auch Erwachsene<\/li>\n\n\n\n<li>Teilleistungs- und Lernst\u00f6rung<\/li>\n\n\n\n<li>K\u00f6rperwahrnehmungsdefizite<\/li>\n\n\n\n<li>Hyperaktivit\u00e4t<\/li>\n\n\n\n<li>Verhaltensauff\u00e4lligkeiten<\/li>\n\n\n\n<li>Schulkonflikte<\/li>\n\n\n\n<li>Dyskalkulie (Rechenschw\u00e4che)<\/li>\n\n\n\n<li>Legasthenie (Lese-Rechtschreib-Schw\u00e4che)<\/li>\n\n\n\n<li>St\u00f6rungen der H\u00f6rverarbeitung (AVWS)<\/li>\n\n\n\n<li>Beeintr\u00e4chtigungen durch k\u00f6rperliche oder geistige Behinderung<\/li>\n\n\n\n<li>Autismus<\/li>\n\n\n\n<li>Visuomotorische Verarbeitungsst\u00f6rungen<\/li>\n\n\n\n<li>Schreibabys<\/li>\n<\/ul>\n\n\n\n<h5 class=\"wp-block-heading\">&nbsp;<strong>Angebote unserer Praxis<\/strong><\/h5>\n\n\n\n<ul class=\"wp-block-list\">\n<li>Marte Meo (aus eigener Kraft)<\/li>\n\n\n\n<li>IntrActPlus-Konzept bei Lern und Leistungsst\u00f6rung, sowie oppositionellem Verhalten und Regulationsst\u00f6rungen<\/li>\n\n\n\n<li>Sensorische Integrationstherapie<\/li>\n\n\n\n<li>F\u00f6rderung von Handlungsplanung und Konzentration<\/li>\n\n\n\n<li><a href=\"https:\/\/www.ergotherapie-straten.de\/wordpress\/co-op-ebv\/\" data-type=\"page\" data-id=\"200\" target=\"_blank\" rel=\"noreferrer noopener\">CO-OP \u00a0Ansatz &#8211; Kinder mit Koordinationsst\u00f6rungen<\/a><\/li>\n\n\n\n<li>Ged\u00e4chtnistraining, sowie Vermittlung von Lernstrategien<\/li>\n\n\n\n<li>Sozialkompetenztraining<\/li>\n\n\n\n<li>Marburger Konzentrationstraining<\/li>\n<\/ul>\n\n\n\n<h5 class=\"wp-block-heading\"><strong>Diagnostiken<\/strong><\/h5>\n\n\n\n<ul class=\"wp-block-list\">\n<li>Videogest\u00fctze Diagnostik<\/li>\n\n\n\n<li>Move-ABC<\/li>\n\n\n\n<li>Tea-ch<\/li>\n\n\n\n<li>DTVP-2<\/li>\n\n\n\n<li>Schuleingangsdiagnostik<\/li>\n<\/ul>\n","protected":false},"excerpt":{"rendered":"<p>Schwerpunkt P\u00e4diatrie Entwicklungsbegleitung f\u00fcr Eltern Ihr Alltag ist nur noch Anstrengend? Es geht morgens schon los. Ihr Kind h\u00f6rt auch nach mehrmaligen [&hellip;]<\/p>\n","protected":false},"author":1,"featured_media":0,"parent":0,"menu_order":0,"comment_status":"closed","ping_status":"closed","template":"","meta":{"footnotes":""},"class_list":["post-174","page","type-page","status-publish","hentry"],"_links":{"self":[{"href":"https:\/\/www.ergotherapie-straten.de\/wordpress\/wp-json\/wp\/v2\/pages\/174","targetHints":{"allow":["GET"]}}],"collection":[{"href":"https:\/\/www.ergotherapie-straten.de\/wordpress\/wp-json\/wp\/v2\/pages"}],"about":[{"href":"https:\/\/www.ergotherapie-straten.de\/wordpress\/wp-json\/wp\/v2\/types\/page"}],"author":[{"embeddable":true,"href":"https:\/\/www.ergotherapie-straten.de\/wordpress\/wp-json\/wp\/v2\/users\/1"}],"replies":[{"embeddable":true,"href":"https:\/\/www.ergotherapie-straten.de\/wordpress\/wp-json\/wp\/v2\/comments?post=174"}],"version-history":[{"count":3,"href":"https:\/\/www.ergotherapie-straten.de\/wordpress\/wp-json\/wp\/v2\/pages\/174\/revisions"}],"predecessor-version":[{"id":264,"href":"https:\/\/www.ergotherapie-straten.de\/wordpress\/wp-json\/wp\/v2\/pages\/174\/revisions\/264"}],"wp:attachment":[{"href":"https:\/\/www.ergotherapie-straten.de\/wordpress\/wp-json\/wp\/v2\/media?parent=174"}],"curies":[{"name":"wp","href":"https:\/\/api.w.org\/{rel}","templated":true}]}}