{"id":238,"date":"2024-03-26T09:26:29","date_gmt":"2024-03-26T08:26:29","guid":{"rendered":"\/wordpress\/?page_id=238"},"modified":"2024-03-27T10:22:11","modified_gmt":"2024-03-27T09:22:11","slug":"wunstorfer-konzept","status":"publish","type":"page","link":"https:\/\/www.ergotherapie-straten.de\/wordpress\/wunstorfer-konzept\/","title":{"rendered":"Wunstorfer Konzept"},"content":{"rendered":"\n<p id=\"isPasted\">Das Wunstorfer Konzept wurde von Britta Winter entwickelt und enth\u00e4lt vielf\u00e4ltige, erprobte Durchf\u00fchrungshinweise und Arbeitsmaterialien f\u00fcr die Gestaltung des ergotherapeutischen Prozesses in der P\u00e4diatrie. Das Konzept beruht auf dem Canadian Model of Ocupational Perfgormance (CMOP), dem Canadian Practice Process Framework (CPPF) und den Grundgedanken der ICF. Das Konzept ist dar\u00fcber hinaus mit vielen ergotherapeutischen Ma\u00dfnahmen, Interventionen und Trainings kompatibel und bietet so ein flexibles Konzept, welches die Rahmenbedingungen und Abl\u00e4ufe beschreibt, aber gen\u00fcgend Freiraum f\u00fcr die individuelle inhaltliche Gestaltung l\u00e4sst.<\/p>\n\n\n\n<p>Das&nbsp;<strong>Wunstorfer Konzept<\/strong>&nbsp;beschreibt das Vorgehen des ergotherapeutischen Prozesses in sechs Bausteinen:<\/p>\n\n\n\n<ol class=\"wp-block-list\">\n<li>Das Erstgespr\u00e4ch, Ergotherapeutische Befunderhebung und Zielsetzung,<\/li>\n\n\n\n<li>Therapiegestaltung nach dem Wunstorfer Konzept,<\/li>\n\n\n\n<li>Wunstorfer Basistraining,<\/li>\n\n\n\n<li>Elternberatung,<\/li>\n\n\n\n<li>Beratung von Erziehern und Lehrern und Beratung zur Integration in das soziale Umfeld und<\/li>\n\n\n\n<li>Dokumentation. Im Rahmen der Qualit\u00e4tssicherung erm\u00f6glicht das Wunstorfer Konzept, die Therapie von Anfang an klientenzentriert, bet\u00e4tigungsorientiert, alltagsorientiert, strukturiert und \u00fcberpr\u00fcfbar zu gestalten und somit professioneller und effizienter zu arbeiten.<\/li>\n<\/ol>\n\n\n\n<p>Die Anwendung von sensomotorisch-perzeptiven Grundprinzipien, verhaltenssteuernden Interventionen, Psychoedukation und der Anwendung von kognitiven Strategien. Einige Bausteine des Wunstorfer Konzepts wurden inzwischen eingehender auf die Praktikabilit\u00e4t und Wirkung untersucht und die Ergebnisse k\u00f6nnen insgesamt als sehr positiv bewertet werden. Dies berichten auch die vielen Ergotherapeutinnen, welche die Bausteine des Wunstorfer Konzeptes in ihrem Arbeitsalltag nutzen. In diesem Kurs erhalten die Teilnehmerinnen umfassendes theoretisches und praktisches Know-how, um das Wunstorfer Konzept im therapeutischen Prozess sicher und effizient durchf\u00fchren zu k\u00f6nnen.<\/p>\n\n\n\n<p><strong>Inhalte:<\/strong><\/p>\n\n\n\n<ul class=\"wp-block-list\">\n<li>Erstgespr\u00e4ch<\/li>\n\n\n\n<li>Therapiegestaltung<\/li>\n\n\n\n<li>Wunstorfer Basistraining<\/li>\n\n\n\n<li>Elternberatung<\/li>\n\n\n\n<li>Umfeldberatung<\/li>\n\n\n\n<li>Dokumentation<\/li>\n<\/ul>\n","protected":false},"excerpt":{"rendered":"<p>Das Wunstorfer Konzept wurde von Britta Winter entwickelt und enth\u00e4lt vielf\u00e4ltige, erprobte Durchf\u00fchrungshinweise und Arbeitsmaterialien f\u00fcr die Gestaltung des ergotherapeutischen Prozesses in [&hellip;]<\/p>\n","protected":false},"author":1,"featured_media":0,"parent":0,"menu_order":0,"comment_status":"closed","ping_status":"closed","template":"","meta":{"footnotes":""},"class_list":["post-238","page","type-page","status-publish","hentry"],"_links":{"self":[{"href":"https:\/\/www.ergotherapie-straten.de\/wordpress\/wp-json\/wp\/v2\/pages\/238","targetHints":{"allow":["GET"]}}],"collection":[{"href":"https:\/\/www.ergotherapie-straten.de\/wordpress\/wp-json\/wp\/v2\/pages"}],"about":[{"href":"https:\/\/www.ergotherapie-straten.de\/wordpress\/wp-json\/wp\/v2\/types\/page"}],"author":[{"embeddable":true,"href":"https:\/\/www.ergotherapie-straten.de\/wordpress\/wp-json\/wp\/v2\/users\/1"}],"replies":[{"embeddable":true,"href":"https:\/\/www.ergotherapie-straten.de\/wordpress\/wp-json\/wp\/v2\/comments?post=238"}],"version-history":[{"count":1,"href":"https:\/\/www.ergotherapie-straten.de\/wordpress\/wp-json\/wp\/v2\/pages\/238\/revisions"}],"predecessor-version":[{"id":239,"href":"https:\/\/www.ergotherapie-straten.de\/wordpress\/wp-json\/wp\/v2\/pages\/238\/revisions\/239"}],"wp:attachment":[{"href":"https:\/\/www.ergotherapie-straten.de\/wordpress\/wp-json\/wp\/v2\/media?parent=238"}],"curies":[{"name":"wp","href":"https:\/\/api.w.org\/{rel}","templated":true}]}}