{"id":29,"date":"2024-03-25T20:16:39","date_gmt":"2024-03-25T19:16:39","guid":{"rendered":"\/wordpress\/?page_id=29"},"modified":"2025-02-01T10:59:08","modified_gmt":"2025-02-01T09:59:08","slug":"herzlich-willkommen-auf-unserer-internetseite","status":"publish","type":"page","link":"https:\/\/www.ergotherapie-straten.de\/wordpress\/","title":{"rendered":"Herzlich Willkommen"},"content":{"rendered":"\n<p>Seit nun fast 20 Jahren bin ich f\u00fcr Sie im Einsatz und stets bem\u00fcht mein Wissen an die heutigen Standards anzupassen und evidenzbasiert zu arbeiten.<\/p>\n\n\n\n<p>Sie haben vom Arzt eine Verordnung f\u00fcr Ergotherapie erhalten, weil Sie sich aktuell in einem &#8222;sprichw\u00f6rtlichen&#8220; Sturm befinden? Der Alltag klappt nicht mehr. Es kann sein, dass Sie Probleme in der Alltagsversorgung haben? Ihr Kind hat Probleme im Kindergarten oder Schule?<\/p>\n\n\n\n<p>Ich m\u00f6chten Ihnen helfen und verstehen den therapeutischen Prozess ein wenig wie eine Bootsreise.<\/p>\n\n\n\n<p>Ein Boot kann auch mit gebrochenem Ruder endlos weiterfahren. Es kann st\u00e4ndig unterwegs sein, aber es kommt nirgendwo an. Es wird nie einen Hafen erreichen, es sei denn durch blo\u00dfen Zufall.&nbsp;<\/p>\n\n\n\n<p>Und wenn es doch einmal irgendwo ankommt, dann ist seine Ladung vielleicht ungeeignet f\u00fcr den Menschen, das Klima oder die Umst\u00e4nde vor Ort. Das Boot muss ein klar festgelegten Hafen ansteuern, f\u00fcr den seine Ladung bestimmt ist und an dem die entsprechende Nachfrage herrscht.&nbsp;<\/p>\n\n\n\n<p>Es muss also auch bei Nebel, Sturm, Gewitter und anderen Widrigkeiten sicher in den Hafen gesteuert werden.<\/p>\n\n\n\n<p>Im \u00fcbertragenen Sinn hei\u00dft das f\u00fcr mich als Therapeuten:<\/p>\n\n\n\n<p>Ich m\u00f6chten Sie darin unterst\u00fctzen, die allt\u00e4glichen Herausforderungen des Lebens zu meistern. Sie haben vielleicht gerade ihren Kurs auf den Hafen verloren.<\/p>\n\n\n\n<p>Ich biete Ihnen an ihr Boot eine Weile zu navigieren. Wir legen \u00a0Ziele fest und steuern diese gemeinsam an. Wenn wir den Hafen erreicht haben gehe ich wieder von Ihrem Boot und Sie haben alle Ressourcen und Kompetenzen entdeckt und k\u00f6nnen wieder alleine navigieren.<\/p>\n\n\n\n<p>Schauen Sie sich um und entdecken Sie.<\/p>\n\n\n\n<p><\/p>\n","protected":false},"excerpt":{"rendered":"<p>Seit nun fast 20 Jahren bin ich f\u00fcr Sie im Einsatz und stets bem\u00fcht mein Wissen an die heutigen Standards anzupassen und [&hellip;]<\/p>\n","protected":false},"author":1,"featured_media":0,"parent":0,"menu_order":0,"comment_status":"closed","ping_status":"closed","template":"","meta":{"footnotes":""},"class_list":["post-29","page","type-page","status-publish","hentry"],"_links":{"self":[{"href":"https:\/\/www.ergotherapie-straten.de\/wordpress\/wp-json\/wp\/v2\/pages\/29","targetHints":{"allow":["GET"]}}],"collection":[{"href":"https:\/\/www.ergotherapie-straten.de\/wordpress\/wp-json\/wp\/v2\/pages"}],"about":[{"href":"https:\/\/www.ergotherapie-straten.de\/wordpress\/wp-json\/wp\/v2\/types\/page"}],"author":[{"embeddable":true,"href":"https:\/\/www.ergotherapie-straten.de\/wordpress\/wp-json\/wp\/v2\/users\/1"}],"replies":[{"embeddable":true,"href":"https:\/\/www.ergotherapie-straten.de\/wordpress\/wp-json\/wp\/v2\/comments?post=29"}],"version-history":[{"count":6,"href":"https:\/\/www.ergotherapie-straten.de\/wordpress\/wp-json\/wp\/v2\/pages\/29\/revisions"}],"predecessor-version":[{"id":276,"href":"https:\/\/www.ergotherapie-straten.de\/wordpress\/wp-json\/wp\/v2\/pages\/29\/revisions\/276"}],"wp:attachment":[{"href":"https:\/\/www.ergotherapie-straten.de\/wordpress\/wp-json\/wp\/v2\/media?parent=29"}],"curies":[{"name":"wp","href":"https:\/\/api.w.org\/{rel}","templated":true}]}}